{"id":11930,"date":"2017-02-05T15:27:42","date_gmt":"2017-02-05T15:27:42","guid":{"rendered":"http:\/\/www.mkg.li\/new\/?page_id=11930"},"modified":"2017-02-11T22:44:30","modified_gmt":"2017-02-11T22:44:30","slug":"start-seite","status":"publish","type":"page","link":"https:\/\/www.mkg.li\/","title":{"rendered":"Home"},"content":{"rendered":"<p><div class=\"fusion-fullwidth fullwidth-box fusion-builder-row-1 nonhundred-percent-fullwidth non-hundred-percent-height-scrolling\" style=\"--awb-background-position:left top;--awb-border-radius-top-left:0px;--awb-border-radius-top-right:0px;--awb-border-radius-bottom-right:0px;--awb-border-radius-bottom-left:0px;--awb-padding-top:20px;--awb-padding-right:0px;--awb-padding-bottom:20px;--awb-padding-left:0px;--awb-border-sizes-top:0px;--awb-border-sizes-bottom:0px;--awb-flex-wrap:wrap;\" ><div class=\"fusion-builder-row fusion-row\"><div class=\"fusion-layout-column fusion_builder_column fusion-builder-column-0 fusion_builder_column_1_1 1_1 fusion-one-full fusion-column-first fusion-column-last\" style=\"--awb-bg-size:cover;\"><div class=\"fusion-column-wrapper fusion-flex-column-wrapper-legacy\"><div class=\"fusion-title title fusion-title-1 fusion-title-center fusion-title-text fusion-title-size-one\"><div class=\"title-sep-container title-sep-container-left\"><div class=\"title-sep sep-single sep-solid\" style=\"border-color:#e0dede;\"><\/div><\/div><span class=\"awb-title-spacer\"><\/span><h1 class=\"fusion-title-heading title-heading-center fusion-responsive-typography-calculated\" style=\"margin:0;--fontSize:33;line-height:1.45;\">Musikverein Konkordia Gamprin<\/h1><span class=\"awb-title-spacer\"><\/span><div class=\"title-sep-container title-sep-container-right\"><div class=\"title-sep sep-single sep-solid\" style=\"border-color:#e0dede;\"><\/div><\/div><\/div><div class=\"fusion-clearfix\"><\/div><\/div><\/div><\/div><\/div><div class=\"fusion-fullwidth fullwidth-box fusion-builder-row-2 nonhundred-percent-fullwidth non-hundred-percent-height-scrolling\" style=\"--awb-border-radius-top-left:0px;--awb-border-radius-top-right:0px;--awb-border-radius-bottom-right:0px;--awb-border-radius-bottom-left:0px;--awb-padding-top:20px;--awb-padding-bottom:20px;--awb-flex-wrap:wrap;\" ><div class=\"fusion-builder-row fusion-row\"><div class=\"fusion-layout-column fusion_builder_column fusion-builder-column-1 fusion_builder_column_1_1 1_1 fusion-one-full fusion-column-first fusion-column-last\" style=\"--awb-bg-size:cover;\"><div class=\"fusion-column-wrapper fusion-flex-column-wrapper-legacy\"><div class=\"fusion-blog-shortcode fusion-blog-shortcode-1 fusion-blog-archive fusion-blog-layout-grid-wrapper fusion-blog-infinite fusion-blog-no-images\"><style type=\"text\/css\">.fusion-blog-shortcode-1 .fusion-blog-layout-grid .fusion-post-grid{padding:20px;}.fusion-blog-shortcode-1 .fusion-posts-container{margin-left: -20px !important; margin-right:-20px !important;}<\/style><div class=\"fusion-posts-container fusion-posts-container-infinite fusion-posts-container-load-more fusion-blog-layout-grid fusion-blog-layout-grid-1 isotope\" data-pages=\"11\" data-grid-col-space=\"40\" style=\"margin: -20px -20px 0;min-height:500px;\"><article id=\"blog-1-post-14090\" class=\"fusion-post-grid post-14090 post type-post status-publish format-standard hentry category-aktuelles\">\n<div class=\"fusion-post-wrapper\" style=\"background-color:rgba(255,255,255,0);border:1px solid #ebeaea;border-bottom-width:3px;\"><div class=\"fusion-post-content-wrapper\" style=\"padding:30px 25px 20px 25px;\"><div class=\"fusion-post-content post-content\"><h2 class=\"blog-shortcode-post-title entry-title\"><a href=\"https:\/\/www.mkg.li\/?p=14090\">Einladung zum Herbstkonzert am 6. Dezember 2025<\/a><\/h2><p class=\"fusion-single-line-meta\">By <span class=\"vcard\"><span class=\"fn\"><a href=\"https:\/\/www.mkg.li\/?author=2\" title=\"Beitr\u00e4ge von Musikverein Konkordia Gamprin\" rel=\"author\">Musikverein Konkordia Gamprin<\/a><\/span><\/span><span class=\"fusion-inline-sep\">|<\/span><span class=\"updated\" style=\"display:none;\">2025-12-05T16:16:44+02:00<\/span><span>Dezember 5th, 2025<\/span><span class=\"fusion-inline-sep\">|<\/span><\/p><div class=\"fusion-content-sep sep-single sep-solid\"><\/div><div class=\"fusion-post-content-container\"><p>Wir laden Sie herzlich zu unserem Herbstkonzert am Samstag, den 6. Dezember um 19:15 Uhr (T\u00fcr\u00f6ffnung 18:45 Uhr) im Gampriner Gemeindesaal ein.<\/p>\n<p>Auch dieses Jahr hat unser Dirigent, Gaston Oehri,\u00a0ein abwechslungsreiches und unterhaltsames Programm\u00a0mit uns einstudiert, das die verschiedenen Stilrichtungen\u00a0der Blasmusik umspannt.<\/p>\n<p>Die Musikantinnen und Musikanten freuen sich auf\u00a0Ihren Besuch und auf einen gem\u00fctlichen, abwechslungsreichen und unterhaltsamen Konzertabend.<\/p>\n<p>\u00a0<\/p>\n<p><a href=\"http:\/\/www.mkg.li\/wp-content\/uploads\/2025\/12\/2026_MKG_Konzert.pdf\"><img decoding=\"async\" class=\"aligncenter wp-image-14092 size-fusion-400\" src=\"http:\/\/www.mkg.li\/wp-content\/uploads\/2025\/12\/IMG_2046-400x561.jpg\" alt=\"\" width=\"400\" height=\"561\" srcset=\"https:\/\/www.mkg.li\/wp-content\/uploads\/2025\/12\/IMG_2046-200x281.jpg 200w, https:\/\/www.mkg.li\/wp-content\/uploads\/2025\/12\/IMG_2046-214x300.jpg 214w, https:\/\/www.mkg.li\/wp-content\/uploads\/2025\/12\/IMG_2046-400x561.jpg 400w, https:\/\/www.mkg.li\/wp-content\/uploads\/2025\/12\/IMG_2046-600x842.jpg 600w, https:\/\/www.mkg.li\/wp-content\/uploads\/2025\/12\/IMG_2046-730x1024.jpg 730w, https:\/\/www.mkg.li\/wp-content\/uploads\/2025\/12\/IMG_2046-768x1078.jpg 768w, https:\/\/www.mkg.li\/wp-content\/uploads\/2025\/12\/IMG_2046-800x1122.jpg 800w, https:\/\/www.mkg.li\/wp-content\/uploads\/2025\/12\/IMG_2046.jpg 1057w\" sizes=\"(max-width: 400px) 100vw, 400px\"><\/a>    <\/p>\n<\/div><\/div><\/div><div class=\"fusion-clearfix\"><\/div><\/div>\n<\/article>\n<article id=\"blog-1-post-14080\" class=\"fusion-post-grid post-14080 post type-post status-publish format-standard hentry category-aktuelles\">\n<div class=\"fusion-post-wrapper\" style=\"background-color:rgba(255,255,255,0);border:1px solid #ebeaea;border-bottom-width:3px;\"><div class=\"fusion-post-content-wrapper\" style=\"padding:30px 25px 20px 25px;\"><div class=\"fusion-post-content post-content\"><h2 class=\"blog-shortcode-post-title entry-title\"><a href=\"https:\/\/www.mkg.li\/?p=14080\">Einladung zum Familienkonzert mit Filmmusik am 8. Juni 2025<\/a><\/h2><p class=\"fusion-single-line-meta\">By <span class=\"vcard\"><span class=\"fn\"><a href=\"https:\/\/www.mkg.li\/?author=2\" title=\"Beitr\u00e4ge von Musikverein Konkordia Gamprin\" rel=\"author\">Musikverein Konkordia Gamprin<\/a><\/span><\/span><span class=\"fusion-inline-sep\">|<\/span><span class=\"updated\" style=\"display:none;\">2025-05-18T16:55:48+02:00<\/span><span>Mai 18th, 2025<\/span><span class=\"fusion-inline-sep\">|<\/span><\/p><div class=\"fusion-content-sep sep-single sep-solid\"><\/div><div class=\"fusion-post-content-container\"><p>Der Musikverein Konkordia Gamprin l\u00e4dt herzlich ein zum <b>ersten Familienkonzert \u2013 <\/b>ein musikalisches Erlebnis f\u00fcr Gross und Klein.<\/p>\n<p>Am <b>Pfingstsonntag, 8. Juni 2025 <\/b>erwartet euch im Gemeindesaal Gamprin ein besonderer Abend. Wir spielen bekannte Filmmusik, w\u00e4hrend im Hintergrund die passenden Filmszenen gezeigt werden \u2013 ein Genuss f\u00fcr Augen und Ohren.<\/p>\n<p>Den Anfang machen unsere <b>Musiksch\u00fcler und Jungmusikanten<\/b>, danach \u00fcbernehmen die Musikantinnen und Musikanten des Vereins. Die <b>Festwirtschaft<\/b> ist w\u00e4hrend des gesamten Anlasses ge\u00f6ffnet, f\u00fcr das leibliche Wohl ist also bestens gesorgt.<\/p>\n<p><b>Beginn ist um 17.00 Uhr<\/b>, Einlass ab 16.30 Uhr. Der <b>Eintritt ist frei<\/b>. Kommt vorbei und geniesst einen besonderen, unterhaltsamen Abend mit uns!<\/p>\n<p>\u00a0<\/p>\n<p><a href=\"http:\/\/www.mkg.li\/wp-content\/uploads\/2025\/05\/Flyer_Familienkonzert_2025.pdf\"><img decoding=\"async\" class=\"aligncenter wp-image-14081 size-fusion-400\" src=\"http:\/\/www.mkg.li\/wp-content\/uploads\/2025\/05\/Flyer_Familienkonzert_2025-400x285.jpg\" alt=\"\" width=\"400\" height=\"285\"><\/a>    <\/p>\n<\/div><\/div><\/div><div class=\"fusion-clearfix\"><\/div><\/div>\n<\/article>\n<article id=\"blog-1-post-14061\" class=\"fusion-post-grid post-14061 post type-post status-publish format-standard hentry category-aktuelles\">\n<div class=\"fusion-post-wrapper\" style=\"background-color:rgba(255,255,255,0);border:1px solid #ebeaea;border-bottom-width:3px;\"><div class=\"fusion-post-content-wrapper\" style=\"padding:30px 25px 20px 25px;\"><div class=\"fusion-post-content post-content\"><h2 class=\"blog-shortcode-post-title entry-title\"><a href=\"https:\/\/www.mkg.li\/?p=14061\">Einladung zum Herbstkonzert am 7. Dezember 2024<\/a><\/h2><p class=\"fusion-single-line-meta\">By <span class=\"vcard\"><span class=\"fn\"><a href=\"https:\/\/www.mkg.li\/?author=2\" title=\"Beitr\u00e4ge von Musikverein Konkordia Gamprin\" rel=\"author\">Musikverein Konkordia Gamprin<\/a><\/span><\/span><span class=\"fusion-inline-sep\">|<\/span><span class=\"updated\" style=\"display:none;\">2024-11-15T10:59:03+02:00<\/span><span>November 15th, 2024<\/span><span class=\"fusion-inline-sep\">|<\/span><\/p><div class=\"fusion-content-sep sep-single sep-solid\"><\/div><div class=\"fusion-post-content-container\"><p>Wir laden Sie herzlich zu unserem Herbstkonzert am Samstag, den 7. Dezember um 20 Uhr\u00a0im Gampriner Gemeindesaal ein.<\/p>\n<p>Auch dieses Jahr hat unser Dirigent, Gaston Oehri,\u00a0ein abwechslungsreiches und unterhaltsames Programm\u00a0mit uns einstudiert, das die verschiedenen Stilrichtungen\u00a0der Blasmusik umspannt.<\/p>\n<p>Die Musikantinnen und Musikanten freuen sich auf\u00a0Ihren Besuch und auf einen gem\u00fctlichen, abwechslungsreichen und unterhaltsamen Konzertabend.<\/p>\n<p><a href=\"https:\/\/www.mkg.li\/wp-content\/uploads\/2024\/11\/MKG_Konzertflyer_2024.pdf\" rel=\"attachment wp-att-14062\"><img decoding=\"async\" class=\"aligncenter wp-image-14062 size-200\" src=\"http:\/\/www.mkg.li\/wp-content\/uploads\/2024\/11\/IMG_5968-200x282.jpg\" alt=\"\" width=\"200\" height=\"282\" srcset=\"https:\/\/www.mkg.li\/wp-content\/uploads\/2024\/11\/IMG_5968-200x282.jpg 200w, https:\/\/www.mkg.li\/wp-content\/uploads\/2024\/11\/IMG_5968-212x300.jpg 212w, https:\/\/www.mkg.li\/wp-content\/uploads\/2024\/11\/IMG_5968-400x565.jpg 400w, https:\/\/www.mkg.li\/wp-content\/uploads\/2024\/11\/IMG_5968-600x847.jpg 600w, https:\/\/www.mkg.li\/wp-content\/uploads\/2024\/11\/IMG_5968-725x1024.jpg 725w, https:\/\/www.mkg.li\/wp-content\/uploads\/2024\/11\/IMG_5968-768x1085.jpg 768w, https:\/\/www.mkg.li\/wp-content\/uploads\/2024\/11\/IMG_5968-800x1130.jpg 800w, https:\/\/www.mkg.li\/wp-content\/uploads\/2024\/11\/IMG_5968.jpg 810w\" sizes=\"(max-width: 200px) 100vw, 200px\"><\/a>    <\/p>\n<\/div><\/div><\/div><div class=\"fusion-clearfix\"><\/div><\/div>\n<\/article>\n<article id=\"blog-1-post-14048\" class=\"fusion-post-grid post-14048 post type-post status-publish format-standard hentry category-aktuelles\">\n<div class=\"fusion-post-wrapper\" style=\"background-color:rgba(255,255,255,0);border:1px solid #ebeaea;border-bottom-width:3px;\"><div class=\"fusion-post-content-wrapper\" style=\"padding:30px 25px 20px 25px;\"><div class=\"fusion-post-content post-content\"><h2 class=\"blog-shortcode-post-title entry-title\"><a href=\"https:\/\/www.mkg.li\/?p=14048\">D\u00e4mmerschoppen b_smart, Freitag 14. Juni<\/a><\/h2><p class=\"fusion-single-line-meta\">By <span class=\"vcard\"><span class=\"fn\"><a href=\"https:\/\/www.mkg.li\/?author=2\" title=\"Beitr\u00e4ge von Musikverein Konkordia Gamprin\" rel=\"author\">Musikverein Konkordia Gamprin<\/a><\/span><\/span><span class=\"fusion-inline-sep\">|<\/span><span class=\"updated\" style=\"display:none;\">2024-06-12T21:08:21+02:00<\/span><span>Juni 13th, 2024<\/span><span class=\"fusion-inline-sep\">|<\/span><\/p><div class=\"fusion-content-sep sep-single sep-solid\"><\/div><div class=\"fusion-post-content-container\"><p>Der D\u00e4mmerschoppen findet statt!!<\/p>\n<p>\u00a0<\/p>\n<p>Wir laden herzlich zum D\u00e4mmerschoppen ein, am Freitag 14. Juni ab 19:oo Uhr in der b_smart Bar. Wir freuen uns auf einen gem\u00fctlichen Abend mit Euch!<\/p>\n<p><a href=\"http:\/\/www.mkg.li\/wp-content\/uploads\/2024\/05\/2024-D%C3%A4mmerschoppen_Flyer-1.pdf\"><img decoding=\"async\" class=\"aligncenter wp-image-14053 size-600\" src=\"http:\/\/www.mkg.li\/wp-content\/uploads\/2024\/05\/2024-D%C3%A4mmerschoppen_Flyer-1-600x398.jpg\" alt=\"\" width=\"600\" height=\"398\" srcset=\"https:\/\/www.mkg.li\/wp-content\/uploads\/2024\/05\/2024-D\u00e4mmerschoppen_Flyer-1-200x133.jpg 200w, https:\/\/www.mkg.li\/wp-content\/uploads\/2024\/05\/2024-D\u00e4mmerschoppen_Flyer-1-300x199.jpg 300w, https:\/\/www.mkg.li\/wp-content\/uploads\/2024\/05\/2024-D\u00e4mmerschoppen_Flyer-1-400x266.jpg 400w, https:\/\/www.mkg.li\/wp-content\/uploads\/2024\/05\/2024-D\u00e4mmerschoppen_Flyer-1-600x398.jpg 600w, https:\/\/www.mkg.li\/wp-content\/uploads\/2024\/05\/2024-D\u00e4mmerschoppen_Flyer-1.jpg 643w\" sizes=\"(max-width: 600px) 100vw, 600px\"><\/a>    <\/p>\n<\/div><\/div><\/div><div class=\"fusion-clearfix\"><\/div><\/div>\n<\/article>\n<article id=\"blog-1-post-14039\" class=\"fusion-post-grid post-14039 post type-post status-publish format-standard hentry category-aktuelles\">\n<div class=\"fusion-post-wrapper\" style=\"background-color:rgba(255,255,255,0);border:1px solid #ebeaea;border-bottom-width:3px;\"><div class=\"fusion-post-content-wrapper\" style=\"padding:30px 25px 20px 25px;\"><div class=\"fusion-post-content post-content\"><h2 class=\"blog-shortcode-post-title entry-title\"><a href=\"https:\/\/www.mkg.li\/?p=14039\">2. Gampriner Seefest am 8. Juni<\/a><\/h2><p class=\"fusion-single-line-meta\">By <span class=\"vcard\"><span class=\"fn\"><a href=\"https:\/\/www.mkg.li\/?author=2\" title=\"Beitr\u00e4ge von Musikverein Konkordia Gamprin\" rel=\"author\">Musikverein Konkordia Gamprin<\/a><\/span><\/span><span class=\"fusion-inline-sep\">|<\/span><span class=\"updated\" style=\"display:none;\">2024-05-24T11:58:21+02:00<\/span><span>Mai 24th, 2024<\/span><span class=\"fusion-inline-sep\">|<\/span><\/p><div class=\"fusion-content-sep sep-single sep-solid\"><\/div><div class=\"fusion-post-content-container\"><p><a href=\"http:\/\/www.mkg.li\/wp-content\/uploads\/2024\/03\/Seefest-Flyer.pdf\"><img decoding=\"async\" class=\"aligncenter wp-image-14045 size-800\" src=\"http:\/\/www.mkg.li\/wp-content\/uploads\/2024\/05\/2.-Seefest-2024-800x570.png\" alt=\"\" width=\"800\" height=\"570\" srcset=\"https:\/\/www.mkg.li\/wp-content\/uploads\/2024\/05\/2.-Seefest-2024-200x143.png 200w, https:\/\/www.mkg.li\/wp-content\/uploads\/2024\/05\/2.-Seefest-2024-300x214.png 300w, https:\/\/www.mkg.li\/wp-content\/uploads\/2024\/05\/2.-Seefest-2024-400x285.png 400w, https:\/\/www.mkg.li\/wp-content\/uploads\/2024\/05\/2.-Seefest-2024-600x428.png 600w, https:\/\/www.mkg.li\/wp-content\/uploads\/2024\/05\/2.-Seefest-2024-768x548.png 768w, https:\/\/www.mkg.li\/wp-content\/uploads\/2024\/05\/2.-Seefest-2024-800x570.png 800w, https:\/\/www.mkg.li\/wp-content\/uploads\/2024\/05\/2.-Seefest-2024-1024x730.png 1024w, https:\/\/www.mkg.li\/wp-content\/uploads\/2024\/05\/2.-Seefest-2024.png 1038w\" sizes=\"(max-width: 800px) 100vw, 800px\"><\/a>Blockiert Euch den 8. Juni 2024 schon mal im Kalender \u2013 denn dann findet das 2. Gampriner Seefest statt. Wir werden die Grossab\u00fcnt auch dieses Mal wieder in Szene setzen und euch musikalisch unterhalten.<\/p>\n<p>Programm:<\/p>\n<ul>\n<li>Ab 17:30 Uhr \u2013 Beginn Festwirtschaft<\/li>\n<li>Ab 18:00 Uhr \u2013 Musikalische Unterhaltung mit Jugendmusiken Gamprin\/Schellenberg, Harmoniemusik Triesenberg, Musikverein C\u00e4cilia Schellenberg\u00a0<\/li>\n<li>Ab 21:00 Uhr \u2013 Partymusik mit Alpenstarkstrom<\/li>\n<\/ul>\n<p>Wir freuen uns auf einen musikalischen und gem\u00fctlichen Sommerabend mit Euch!<\/p>\n<p>\u00a0    <\/p>\n<\/div><\/div><\/div><div class=\"fusion-clearfix\"><\/div><\/div>\n<\/article>\n<div class=\"fusion-clearfix\"><\/div><\/div><div class=\"fusion-infinite-scroll-trigger\"><\/div><div class=\"pagination infinite-scroll clearfix\" style=\"display:none;\"><span class=\"current\">1<\/span><a href=\"https:\/\/www.mkg.li\/index.php?rest_route=%2Fwp%2Fv2%2Fpages%2F11930&#038;paged=2\" class=\"inactive\">2<\/a><a class=\"pagination-next\" rel=\"next\" href=\"https:\/\/www.mkg.li\/index.php?rest_route=%2Fwp%2Fv2%2Fpages%2F11930&#038;paged=2\"><span class=\"page-text\">Vor<\/span><span class=\"page-next\"><\/span><\/a><\/div><div class=\"fusion-clearfix\"><\/div><button class=\"fusion-load-more-button fusion-blog-button fusion-clearfix\">Load More Posts<\/button><\/div><div class=\"fusion-clearfix\"><\/div><\/div><\/div><\/div><\/div><\/p>\n","protected":false},"excerpt":{"rendered":"","protected":false},"author":1,"featured_media":0,"parent":0,"menu_order":0,"comment_status":"closed","ping_status":"closed","template":"100-width.php","meta":{"ngg_post_thumbnail":0,"footnotes":""},"class_list":["post-11930","page","type-page","status-publish","hentry"],"_links":{"self":[{"href":"https:\/\/www.mkg.li\/index.php?rest_route=\/wp\/v2\/pages\/11930","targetHints":{"allow":["GET"]}}],"collection":[{"href":"https:\/\/www.mkg.li\/index.php?rest_route=\/wp\/v2\/pages"}],"about":[{"href":"https:\/\/www.mkg.li\/index.php?rest_route=\/wp\/v2\/types\/page"}],"author":[{"embeddable":true,"href":"https:\/\/www.mkg.li\/index.php?rest_route=\/wp\/v2\/users\/1"}],"replies":[{"embeddable":true,"href":"https:\/\/www.mkg.li\/index.php?rest_route=%2Fwp%2Fv2%2Fcomments&post=11930"}],"version-history":[{"count":69,"href":"https:\/\/www.mkg.li\/index.php?rest_route=\/wp\/v2\/pages\/11930\/revisions"}],"predecessor-version":[{"id":12250,"href":"https:\/\/www.mkg.li\/index.php?rest_route=\/wp\/v2\/pages\/11930\/revisions\/12250"}],"wp:attachment":[{"href":"https:\/\/www.mkg.li\/index.php?rest_route=%2Fwp%2Fv2%2Fmedia&parent=11930"}],"curies":[{"name":"wp","href":"https:\/\/api.w.org\/{rel}","templated":true}]}}