{"id":11986,"date":"2017-02-05T16:02:17","date_gmt":"2017-02-05T16:02:17","guid":{"rendered":"http:\/\/www.mkg.li\/new\/?page_id=11986"},"modified":"2017-12-12T15:28:11","modified_gmt":"2017-12-12T15:28:11","slug":"musikverein","status":"publish","type":"page","link":"https:\/\/www.mkg.li\/?page_id=11986","title":{"rendered":"Musikverein"},"content":{"rendered":"<div class=\"fusion-fullwidth fullwidth-box fusion-builder-row-1 nonhundred-percent-fullwidth non-hundred-percent-height-scrolling\" style=\"--awb-border-radius-top-left:0px;--awb-border-radius-top-right:0px;--awb-border-radius-bottom-right:0px;--awb-border-radius-bottom-left:0px;--awb-flex-wrap:wrap;\" ><div class=\"fusion-builder-row fusion-row\"><div class=\"fusion-layout-column fusion_builder_column fusion-builder-column-0 fusion_builder_column_1_1 1_1 fusion-one-full fusion-column-first fusion-column-last\" style=\"--awb-bg-size:cover;--awb-margin-bottom:0px;\"><div class=\"fusion-column-wrapper fusion-flex-column-wrapper-legacy\"><div class=\"fusion-text fusion-text-1\"><p><img decoding=\"async\" class=\"aligncenter wp-image-13506 size-large\" src=\"http:\/\/www.mkg.li\/wp-content\/uploads\/2017\/02\/Fahnenweihe_4902-adw-1024x683.jpg\" alt=\"\" width=\"1024\" height=\"683\" srcset=\"https:\/\/www.mkg.li\/wp-content\/uploads\/2017\/02\/Fahnenweihe_4902-adw-200x133.jpg 200w, https:\/\/www.mkg.li\/wp-content\/uploads\/2017\/02\/Fahnenweihe_4902-adw-300x200.jpg 300w, https:\/\/www.mkg.li\/wp-content\/uploads\/2017\/02\/Fahnenweihe_4902-adw-400x267.jpg 400w, https:\/\/www.mkg.li\/wp-content\/uploads\/2017\/02\/Fahnenweihe_4902-adw-600x400.jpg 600w, https:\/\/www.mkg.li\/wp-content\/uploads\/2017\/02\/Fahnenweihe_4902-adw-768x512.jpg 768w, https:\/\/www.mkg.li\/wp-content\/uploads\/2017\/02\/Fahnenweihe_4902-adw-800x533.jpg 800w, https:\/\/www.mkg.li\/wp-content\/uploads\/2017\/02\/Fahnenweihe_4902-adw-1024x683.jpg 1024w, https:\/\/www.mkg.li\/wp-content\/uploads\/2017\/02\/Fahnenweihe_4902-adw-1200x800.jpg 1200w, https:\/\/www.mkg.li\/wp-content\/uploads\/2017\/02\/Fahnenweihe_4902-adw.jpg 5000w\" sizes=\"(max-width: 1024px) 100vw, 1024px\" \/><\/p>\n<p style=\"text-align: center;\">Die Gr\u00fcndung des Musikvereins Gamprin geht auf das Jahr 1888 zur\u00fcck. Der Initiator Franz Xaver H\u00e4usle, damaliger Pfarrer von Bendern, f\u00fchrte um Weihnachten gemeinsam mit dem Kirchenchor religi\u00f6se Schauspiele auf. Als der Wunsch aufkam, diese Weihnachtsspiele musikalisch zu umrahmen, stellte der Kirchenchor die Eintrittsgelder f\u00fcr das Weihnachtsspiel im Jahre 1888 zur Anschaffung von Blechinstrumenten zur Verf\u00fcgung. Mit den zur Verf\u00fcgung stehenden Mitteln konnten f\u00fcnf Instrumente angeschafft werden: ein Bass, zwei Fl\u00fcgelh\u00f6rner, ein Tenorhorn und ein Bariton. Unter der Leitung eines Herrn Bl\u00e4nki aus Tosters lernte die neu gegr\u00fcndete Blechmusikgruppe, die ausschliesslich bei hohen kirchlichen Festen auftreten und den Kirchenchor begleiten sollte, die neuen Instrumente zu spielen.<br \/>\nAuch wenn sich seit dieser Zeit viel ge\u00e4ndert hat \u2013 noch immer m\u00f6chten wir Musikanten der Konkordia Gamprin durch unsere vielen kirchlichen und weltlichen Aktivit\u00e4ten das Dorfleben bereichern. Im Gegensatz zu den Gr\u00fcndungsjahren reicht die musikalische Bandbreite aber heute von der kirchlichen Musik und der traditionellen Blasmusik \u00fcber die Unterhaltungsmusik bis hin zur konzertanten Blasmusik und deckt damit eine breite Palette an Stilen ab.<\/p>\n<\/div><div class=\"fusion-clearfix\"><\/div><\/div><\/div><\/div><\/div>\n","protected":false},"excerpt":{"rendered":"","protected":false},"author":1,"featured_media":0,"parent":0,"menu_order":0,"comment_status":"closed","ping_status":"closed","template":"","meta":{"ngg_post_thumbnail":0,"footnotes":""},"class_list":["post-11986","page","type-page","status-publish","hentry"],"_links":{"self":[{"href":"https:\/\/www.mkg.li\/index.php?rest_route=\/wp\/v2\/pages\/11986","targetHints":{"allow":["GET"]}}],"collection":[{"href":"https:\/\/www.mkg.li\/index.php?rest_route=\/wp\/v2\/pages"}],"about":[{"href":"https:\/\/www.mkg.li\/index.php?rest_route=\/wp\/v2\/types\/page"}],"author":[{"embeddable":true,"href":"https:\/\/www.mkg.li\/index.php?rest_route=\/wp\/v2\/users\/1"}],"replies":[{"embeddable":true,"href":"https:\/\/www.mkg.li\/index.php?rest_route=%2Fwp%2Fv2%2Fcomments&post=11986"}],"version-history":[{"count":10,"href":"https:\/\/www.mkg.li\/index.php?rest_route=\/wp\/v2\/pages\/11986\/revisions"}],"predecessor-version":[{"id":13507,"href":"https:\/\/www.mkg.li\/index.php?rest_route=\/wp\/v2\/pages\/11986\/revisions\/13507"}],"wp:attachment":[{"href":"https:\/\/www.mkg.li\/index.php?rest_route=%2Fwp%2Fv2%2Fmedia&parent=11986"}],"curies":[{"name":"wp","href":"https:\/\/api.w.org\/{rel}","templated":true}]}}

<div class="fusion-fullwidth fullwidth-box fusion-builder-row-1 nonhundred-percent-fullwidth non-hundred-percent-height-scrolling" style="--awb-border-radius-top-left:0px;--awb-border-radius-top-right:0px;--awb-border-radius-bottom-right:0px;--awb-border-radius-bottom-left:0px;--awb-flex-wrap:wrap;" ><div class="fusion-builder-row fusion-row"><div class="fusion-layout-column fusion_builder_column fusion-builder-column-0 fusion_builder_column_1_1 1_1 fusion-one-full fusion-column-first fusion-column-last" style="--awb-bg-size:cover;--awb-margin-bottom:0px;"><div class="fusion-column-wrapper fusion-flex-column-wrapper-legacy"><div class="fusion-text fusion-text-1"><p><img decoding="async" class="aligncenter wp-image-13506 size-large" src="http://www.mkg.li/wp-content/uploads/2017/02/Fahnenweihe_4902-adw-1024x683.jpg" alt="" width="1024" height="683" srcset="https://www.mkg.li/wp-content/uploads/2017/02/Fahnenweihe_4902-adw-200x133.jpg 200w, https://www.mkg.li/wp-content/uploads/2017/02/Fahnenweihe_4902-adw-300x200.jpg 300w, https://www.mkg.li/wp-content/uploads/2017/02/Fahnenweihe_4902-adw-400x267.jpg 400w, https://www.mkg.li/wp-content/uploads/2017/02/Fahnenweihe_4902-adw-600x400.jpg 600w, https://www.mkg.li/wp-content/uploads/2017/02/Fahnenweihe_4902-adw-768x512.jpg 768w, https://www.mkg.li/wp-content/uploads/2017/02/Fahnenweihe_4902-adw-800x533.jpg 800w, https://www.mkg.li/wp-content/uploads/2017/02/Fahnenweihe_4902-adw-1024x683.jpg 1024w, https://www.mkg.li/wp-content/uploads/2017/02/Fahnenweihe_4902-adw-1200x800.jpg 1200w, https://www.mkg.li/wp-content/uploads/2017/02/Fahnenweihe_4902-adw.jpg 5000w" sizes="(max-width: 1024px) 100vw, 1024px" /></p>
<p style="text-align: center;">Die Gründung des Musikvereins Gamprin geht auf das Jahr 1888 zurück. Der Initiator Franz Xaver Häusle, damaliger Pfarrer von Bendern, führte um Weihnachten gemeinsam mit dem Kirchenchor religiöse Schauspiele auf. Als der Wunsch aufkam, diese Weihnachtsspiele musikalisch zu umrahmen, stellte der Kirchenchor die Eintrittsgelder für das Weihnachtsspiel im Jahre 1888 zur Anschaffung von Blechinstrumenten zur Verfügung. Mit den zur Verfügung stehenden Mitteln konnten fünf Instrumente angeschafft werden: ein Bass, zwei Flügelhörner, ein Tenorhorn und ein Bariton. Unter der Leitung eines Herrn Blänki aus Tosters lernte die neu gegründete Blechmusikgruppe, die ausschliesslich bei hohen kirchlichen Festen auftreten und den Kirchenchor begleiten sollte, die neuen Instrumente zu spielen.<br />
Auch wenn sich seit dieser Zeit viel geändert hat – noch immer möchten wir Musikanten der Konkordia Gamprin durch unsere vielen kirchlichen und weltlichen Aktivitäten das Dorfleben bereichern. Im Gegensatz zu den Gründungsjahren reicht die musikalische Bandbreite aber heute von der kirchlichen Musik und der traditionellen Blasmusik über die Unterhaltungsmusik bis hin zur konzertanten Blasmusik und deckt damit eine breite Palette an Stilen ab.</p>
</div><div class="fusion-clearfix"></div></div></div></div></div>
